n 185 is divided by h?
15
Let s = -1 + -11. Let q be (s/16)/(2/(-8)). Suppose -5*i = -2*i - k - 12, 3 = q*i - 4*k. What is the remainder when i is divided by 3?
2
Let q = -15 + 20. Suppose 5*p - 27 = r, q*p - 35 = 3*r + 2*r. Calculate the remainder when 22 is divided by p.
2
Let l(a) = -2*a**2 + 3*a**2 - 10*a + 6*a + 9 - 3. Suppose -2*s = 2*s - 20. What is the remainder when l(6) is divided by s?
3
Let g(k) = -k**3 + 2*k**2 + 5*k - 4. Let f = -69 + 72. What is the remainder when 13 is divided by g(f)?
1
Let k = -34 - -39. Suppose 3*t - 144 = -k*t. Calculate the remainder when 43 is divided by t.
7
Let g = 1432 + -1419. Calculate the remainder when 96 is divided by g.
5
Let t be 6/(-4)*8/(-6). Let w(u) = 9*u - u + 9 - 16 + 0*u + 0. Calculate the remainder when 26 is divided by w(t).
8
Suppose -258 = -4*u - 3*p + 38, 4*p + 126 = 2*u. Suppose -u = 4*k - 219. What is the remainder when k is divided by 15*(60/(-18) - -3 - -1)?
7
Let o = -1217 + 1291. Calculate the remainder when 369 is divided by o.
73
Let a be ((-21)/(-6) - 3)*90. Let p = a - 35. Calculate the remainder when 26 is divided by p.
6
Suppose 0 = 4*p + 5*r - 1, 2*p - r + 6*r + 7 = 0. What is the remainder when ((-2)/p)/(4/(-576)) is divided by 37?
35
Suppose 0 = v + 4*r - 9*r - 53, -29 = -v - r. Calculate the remainder when 119 is divided by v.
20
Let t(k) = -2*k**3 - 5*k**2 - 3*k + 3. Let f = 18 - 20. Suppose 7*w = 2*w + 90. What is the remainder when w is divided by t(f)?
3
Let h(c) = c**2 - 13*c + 19. Let a be h(12). Suppose -m - a = -19. Suppose 5*y = 3*y + 42. Calculate the remainder when y is divided by m.
9
Suppose 0 = -5*n + 11 + 194. What is the remainder when n is divided by 3/(6/26) + 2?
11
Let v = -118 + 164. What is the remainder when v is divided by (-6)/24 + (-33)/(-4)?
6
Calculate the remainder when ((-134)/(-2) + -1)/(18/81) is divided by 20.
17
Let c(j) = j**3 + 4*j**2 + 1. Let f be (-2)/9 + 25/(-9). Let g = -13459 + 13487. What is the remainder when g is divided by c(f)?
8
Let q be 3/1*212/12. Suppose 3*z + 14 = q. What is the remainder when 38 is divided by z?
12
Let z = -297 + 334. Calculate the remainder when 257 is divided by z.
35
Calculate the remainder when 149 is divided by 3 + -2 + 27 + 0/(-63).
9
Suppose 15*d - 245 = 40. What is the remainder when d is divided by 11?
8
Let p be (12/14)/((-4)/28). Suppose 5*d + 2*x - 6 = 3*d, x = -4*d + 24. Calculate the remainder when d is divided by ((-6)/9)/(p/27).
1
What is the remainder when 3050/30*(-2 + 5) is divided by 28?
25
Suppose -4*x + 99 = v, -8*v - 9 = -x - 3*v. What is the remainder when 76 is divided by x?
4
Let d(i) = -12*i - 1. Suppose 0 = -103*w + 104*w - 6. Calculate the remainder when d(-2) is divided by w.
5
Let m be -2 + 0 + 6 + -3 + 1. Suppose 3*f = 6*f - m*v - 52, -76 = -4*f - 4*v. Calculate the remainder when 3/(-6)*(-104)/1 is divided by f.
16
Suppose -5*j = 3*l - 0*l + 60, -70 = 5*j + l. Let w be (0 + 6)/(1*21/(-14)). Let x = w - j. What is the remainder when 31 is divided by x?
9
Suppose 200 = 9*l - 4*l. What is the remainder when 86 is divided by l?
6
Let z be (-12)/(4/(-1)) - 3/(-1). Suppose 550 = z*u + 130. What is the remainder when u is divided by 12?
10
Let v(l) = -2*l**3 + l**2 - 2*l + 2. Let u be v(1). Let f(x) = -27*x**3 - 2*x**2 - x. Calculate the remainder when 101 is divided by f(u).
23
Suppose -2 = -y, -4*y = 31*k - 32*k + 1773. Calculate the remainder when k is divided by 81.
80
Let z be 46/(-6) - (-12)/(-9). Let w(p) = -p + 9. What is the remainder when 88 is divided by w(z)?
16
Suppose -k + 7 + 2 = c, 2*k + c - 22 = 0. Calculate the remainder when 69 is divided by k.
4
Suppose v = 4*v + j - 496, -4*j - 8 = 0. Let u(y) = y**3 - 2*y**2 - 5*y + 1. What is the remainder when v is divided by u(4)?
10
Let x = -35 - -39. Suppose -11 = -x*n - 3. Calculate the remainder when 8 is divided by n.
0
Let s be (-11)/(-3) - 4/6. Let d(h) = 7065*h**2 - h + h**3 + 3 - 7065*h**2. What is the remainder when d(s) is divided by 7?
6
Suppose -4*v = -16, 4*k = -4*v - v + 120. Calculate the remainder when 69 is divided by k.
19
Calculate the remainder when 128 is divided by 161/(-2)*120/(-210).
36
What is the remainder when (-1226)/(-14) - (-11)/((-539)/28) is divided by 25?
12
Suppose 12*b = 6*b + 354. Calculate the remainder when b is divided by 17.
8
Let t = -363 - -403. What is the remainder when t is divided by 16?
8
Let s be 1 + (0 + -4 - -5). Let l = 10 + s. Let k = 64 - l. Calculate the remainder when k is divided by 14.
10
Let l(v) = 13*v - 1. Let g be l(2). Let i = g + -11. Calculate the remainder when 24 is divided by i.
10
Let j(r) = -9*r + 0*r**2 - 29 - 10*r - r**2. What is the remainder when j(-14) is divided by 12?
5
What is the remainder when 91 + (-3 - (-1 + 1)) is divided by (-6)/(-1) + (-48)/(-12)?
8
Suppose -f + 2*f = -s + 43, 3*f - 5*s - 121 = 0. Suppose -f = -4*j + 46. Calculate the remainder when j is divided by 8.
6
Suppose 0 = -j + 2*a + 285 - 146, 0 = -5*a - 20. What is the remainder when j is divided by 15?
11
Suppose -2*n = -t - 6 - 26, 5*t - 61 = -3*n. Suppose -15 - n = -y. Calculate the remainder when y is divided by 20.
12
What is the remainder when (-123)/(-6) + (-13)/(-26) is divided by 11?
10
Let g = 0 - 3. Calculate the remainder when ((-5 - -2)/g)/(1/5) is divided by (2/(-5))/1*-5.
1
Suppose 3*o - 60 = -24. Suppose -3*m + b - 40 = -0*m, -m - 32 = -5*b. What is the remainder when o is divided by (-4)/(-6) + (-76)/m?
5
Let f = 2350 + -1162. Suppose -4*n - f = -16*n. What is the remainder when n is divided by 10?
9
Let p(m) = -40*m**3 - m. Let z = -25 - -24. What is the remainder when p(z) is divided by 21?
20
Suppose -11 + 81 = -5*r. What is the remainder when 22 is divided by (-1)/((-8)/r + (-20)/28)?
1
Let z(v) = 16*v**2 - 42*v - 3. What is the remainder when 176 is divided by z(3)?
11
Suppose -4*o + 8 = 0, -d + 3*d = -4*o. What is the remainder when 8 is divided by (-4)/4*1 - d?
2
Let d(i) = i**3 - 3*i**2 - 7*i + 2. Let b(m) = -2*m**2 + 10*m - 3. What is the remainder when d(5) is divided by b(3)?
8
Let l = 1083 - 763. What is the remainder when l is divided by 72?
32
Let x be ((-6)/9 + 1)*6. Calculate the remainder when ((-10)/3)/((x/(-21))/1) is divided by 13.
9
Let c = 150 - 136. Calculate the remainder when 18 is divided by c.
4
Suppose -2*o + 7 = -7. Let r = -31 - -42. What is the remainder when r is divided by o?
4
Suppose 0 = 6*z - 3*z - 159. Suppose -5*l + 21 = 3*s + z, 12 = -2*l - s. Let k(f) = -2*f + 1. What is the remainder when 26 is divided by k(l)?
8
Suppose -4*y + 340 = -5*m, 3*m = -y - y + 192. Let p(s) = 22*s + 1. Let a(r) = -r + 5. Let i be a(4). Calculate the remainder when y is divided by p(i).
21
Let w = -814 + 1151. Calculate the remainder when w is divided by 20.
17
Let i = -100 + 140. Let d = -36 + i. Suppose 0 = 3*l - 2*c - 28 - 19, 0 = 2*l + 3*c - 40. Calculate the remainder when l is divided by d.
1
Let z = 1052 - 1002. What is the remainder when z is divided by 33?
17
What is the remainder when 253 is divided by (-1158)/(-78) + 2/13?
13
Let x(o) = o + 8. Let j be x(-4). Let s(v) = -v**3 + 5*v**2 - 4*v + 6. Calculate the remainder when 33 is divided by s(j).
3
Let z be -5*(-1 + -2 + 4). What is the remainder when z + 18*(-16)/(-12) is divided by 13?
6
Calculate the remainder when (-82)/(-3)*9*(-30)/(-36) is divided by 11.
7
Suppose 7*u - 67 = 3. What is the remainder when (54/(-12))/((-2)/20) is divided by u?
5
Let w = -131 + 90. Let c = -21 - w. Suppose -n + 22 = n. What is the remainder when c is divided by n?
9
Suppose 5*i + m - 47 = 0, -4*m + 3 = i + 5. What is the remainder when 108 is divided by i?
8
Let y = 24 + -10. What is the remainder when 68 + (-6)/(-4)*4/(-6) is divided by y?
11
Let a be ((-342)/21)/(-6) - 2/(-7). Suppose 0 = -2*i - 2*q + 162, 6*q - 2*q = a*i - 236. Calculate the remainder when i is divided by 27.
26
Let l = -48 - -114. Suppose l = -4*k + 7*k. Let i(v) = v**2 - 2*v - 5. Calculate the remainder when i(-6) is divided by k.
21
Let m(z) = z**2 + 4*z + 2. Let f = 13 + -13. Suppose f = -3*g + 5 - 20. What is the remainder when 13 is divided by m(g)?
6
Suppose -70*z = -50*z - 1140. Calculate the remainder when 1137 is divided by z.
54
Let q be 24/10 + 2/(-5). Suppose q*f = 5 + 3. Suppose f*n - 2 = 2*n. What is the